*p = -i*v + 89, -35 = -p + b*v + 2*v. Calculate the remainder when p is divided by 16.
15
Let y = 385 - 363. Calculate the remainder when 26 is divided by y.
4
Calculate the remainder when (-1)/4*-6*32230/165 is divided by 27.
23
Let b = -87 + 158. Let r = b + -44. Calculate the remainder when r is divided by 15.
12
Suppose -4*b + 3*p = -319 - 205, 3*b = -5*p + 364. Suppose -2*u = 4*n - b, 0 = -3*n - u + 5*u + 96. What is the remainder when 126 is divided by n?
30
Let d(f) = -f**3 - 23*f**2 - 42*f + 18. What is the remainder when 87 is divided by d(-21)?
15
Suppose 700 = 5*p + 240. What is the remainder when p is divided by 24?
20
Suppose -q = 5, -3*q + q = 4*k + 1390. Let n = -135 - k. Suppose n = 4*g + 2*m, -5*m + m - 240 = -4*g. What is the remainder when g is divided by 19?
17
Let x(c) = c**2 - 3*c - 6. Let h(d) = 4*d - 17. Let m(t) = 4*t**2 + 5*t. Let y be m(-2). What is the remainder when x(6) is divided by h(y)?
5
Let h = -238 - -326. What is the remainder when h is divided by 39?
10
Let u(b) = -2*b - 9. Suppose 34 = -2*m + 4*p, m + 66 = -2*m + p. Let v = -32 - m. What is the remainder when u(v) is divided by 6?
3
Let u(f) be the first derivative of 17/2*f**2 + 0*f + 7. What is the remainder when u(6) is divided by 35?
32
Calculate the remainder when 235 is divided by 11 + -2 + 2 - -39.
35
Let a(r) = 5*r**2 - 3*r - 9. Let v(d) = -6*d**2 + 2*d + 10. Let n(z) = 7*a(z) + 6*v(z). What is the remainder when -9*(5 + (-232)/24) is divided by n(-6)?
12
Suppose -11*j = 38 - 764. What is the remainder when j is divided by 12?
6
Suppose -7 = -2*h + 105. Let k be 1 - (-2)/(2/(-7)). What is the remainder when h is divided by (-118)/(-6) + 4/k?
18
Let q(h) = -38*h - 460. Suppose 5*j - 2*j + 396 = 3*t, -2*j = 0. What is the remainder when t is divided by q(-13)?
30
Suppose -29*c + 25*c = -140. Suppose -c = -6*o + 2*o + 3*v, 0 = 3*o - 2*v - 27. What is the remainder when 31 is divided by o?
9
Suppose 3*u = 2*u. Let q = -10 - -13. Suppose u*h - q*h = -78. Calculate the remainder when 102 is divided by h.
24
Suppose 0 = -470*o + 463*o + 1456. What is the remainder when o is divided by 11?
10
What is the remainder when 98 is divided by -8*(-12)/160 - 284/(-10)?
11
Suppose 7 + 5 = 4*w. Suppose -5*j + w*i + 93 = 0, -3*j + 2*i - 71 = -6*j. What is the remainder when j is divided by 5?
1
Let s = 457 - 220. Calculate the remainder when s is divided by 80.
77
Suppose 26 = -5*b + 106. Let m = -37 - -98. Calculate the remainder when m is divided by b.
13
Suppose n - 4 + 5 = 0. Let h(z) = -49*z**2 - 3*z - 2. Let t be h(n). Calculate the remainder when ((-27)/(-1))/((-18)/t) is divided by 25.
22
Suppose 6 = -5*s + 861. Suppose -2*x - 23 = -s. Calculate the remainder when x is divided by 19.
17
Suppose -3*y + 3 = -2*y. Suppose -4*l = y*t - 39, 0 = -0*l - 5*l. What is the remainder when t is divided by ((-14)/3)/(26/(-39))?
6
Suppose 5*n - 3*i - 900 = -5*i, 0 = n - 5*i - 207. Let b = n + -106. Calculate the remainder when b is divided by 39.
37
Let c(v) = -v**2 + 10*v + 26. What is the remainder when c(10) is divided by (8 - 9)*(-1 + -6)?
5
Let l = 63 + -58. Suppose -3*k + 72 = -k + 2*d, 210 = l*k - d. Calculate the remainder when 122 is divided by k.
40
Suppose -4*q - 99 = -255. Let y = -2 - -13. Calculate the remainder when q is divided by y.
6
Let v = 27 + 70. Let i(l) be the second derivative of -l**3/6 + 19*l**2/2 + 56*l. Calculate the remainder when v is divided by i(-6).
22
Let h(u) = -u**3 - 5*u**2 - 4*u - 3. Suppose 0 = 3*c + 3*z - 3 - 0, -3*c + 4*z = 32. Let l be h(c). What is the remainder when 19 - 12/(0 - l) is divided by 8?
7
Let b = -289 - -297. What is the remainder when 54 is divided by b?
6
Suppose -9*a + 11*a = 38. What is the remainder when 72 is divided by a?
15
Suppose 0 = 6*t - 593 - 703. Calculate the remainder when t is divided by 56.
48
Let p(k) = k**2 - 24*k + 29. Calculate the remainder when 83 is divided by p(24).
25
Let s(g) = -2*g**2 - 11*g + 1. Let m(k) = 3*k**2 + 21*k - 3. Let n(w) = 6*m(w) + 10*s(w). What is the remainder when 40 is divided by n(7)?
4
Suppose 8*a + 984 = 1136. What is the remainder when 393 is divided by a?
13
Let k = 283 - 236. What is the remainder when 64 is divided by k?
17
Calculate the remainder when (1 - -2) + -2 + 41 is divided by 6 + 6/(-2) + 9.
6
Let g = -4540 + 4566. Let s(f) = 50*f - 1. What is the remainder when s(1) is divided by g?
23
Suppose 3 = -2*q + 1. Let r be q/(-2)*(-1 + 75). Suppose 3*g = -3, k - 3*g + r = 3*k. Calculate the remainder when 39 is divided by k.
19
Let a(q) = q**3 - 15*q**2 + 14*q + 19. Let r = -9 - -23. What is the remainder when (-3 + 2)/((-2)/72) is divided by a(r)?
17
Let u(v) = 12*v - 5. Calculate the remainder when u(4) is divided by 28/322 + (-2 - 297/(-23)).
10
Let k = 429 + -359. Calculate the remainder when k is divided by 7.
0
Let b be (-501)/(-45) - (-4)/(-30). Let r = -15 + 22. Suppose -r*k = -b*k + 120. What is the remainder when k is divided by 8?
6
Let s(w) = w**2 + 9*w + 10. Suppose -8 + 16 = u. Calculate the remainder when s(u) is divided by 37.
35
Let k(d) = 8*d - 7. Let o be 10 + (-4 - -1 - 0). What is the remainder when k(o) is divided by 13?
10
Let f = 647 + -299. Calculate the remainder when f is divided by 70.
68
Suppose 9*k = 7*k + 354. Calculate the remainder when k is divided by 36.
33
Suppose -15 = -5*b, 0 = -0*c - 5*c + 5*b + 345. Let x = c - 40. What is the remainder when 43 is divided by 4*1*176/x?
21
Let k(z) = 109*z**2 + 48*z + 1. What is the remainder when k(1) is divided by 10?
8
What is the remainder when (-705)/7*-1 + 2/7 is divided by 21?
17
Let j(b) = -19*b + 14. Let q(o) = 3*o**2 - o. Calculate the remainder when j(-5) is divided by q(-2).
11
Let z(f) = f**3 + 4*f**2 + 2*f + 4. Let k be z(-4). Let y(i) = -3*i**2 + 15*i - 1 + 4*i**2 - 16*i. What is the remainder when y(k) is divided by 7?
5
Suppose 19*c + 35 = 149. Let q be (-2)/4*(-18 + 4). Suppose -12 = -h - l, -q*l + 3 = h - 3*l. Calculate the remainder when h is divided by c.
3
Let z(c) = 3*c**3 - 14*c**2 - 8*c + 26. Calculate the remainder when z(7) is divided by 63.
61
Let d = 208 + -194. Calculate the remainder when 39 is divided by d.
11
Let b = 1220 - 1217. Let z = 1 - -1. Let g = 7 + z. What is the remainder when g is divided by b?
0
Suppose -36*g = 78 - 474. Calculate the remainder when 83 is divided by g.
6
Suppose -6*z + 46 + 80 = 0. Let a = -11 + z. What is the remainder when 48 is divided by a?
8
Let n be (-2)/((-6)/2697) - -4. What is the remainder when n/30 + (-2)/20 is divided by 8?
6
Let q = 73 + -50. Let n(y) = -y**2 - 14*y - 10. Let o be n(-13). Suppose 249 = o*u - 21. Calculate the remainder when u is divided by q.
21
Let w = -31 - -35. What is the remainder when -3 - (w - -1 - 81) is divided by 37?
36
What is the remainder when (2/5)/1*(36 + -1) is divided by 8?
6
Suppose 0 = -5*w - 3*k + 92, -2*k - 12 = -w + 9. Calculate the remainder when 112 is divided by w.
17
Let w(x) = x**3 + 12*x**2 + 33*x - 3. Suppose o - 2*p - 84 = -o, 0 = -3*p - 3. What is the remainder when o is divided by w(-7)?
8
Let m(n) = -5*n + 205. What is the remainder when m(14) is divided by 47?
41
Suppose 104*s + 1734 = 121*s. Calculate the remainder when s is divided by 22.
14
Let r(y) = -2*y - 4. Let h be r(-5). Let t(i) = i**3 - 4*i**2 - 3*i - 8. Suppose 52 - 20 = 2*z. Calculate the remainder when t(h) is divided by z.
14
Let d(g) = g**2 + 9*g + 30. Let r be d(-13). Suppose -3*m = -m - r. What is the remainder when 161 is divided by m?
38
Suppose -4*n + 0 = 8. Let c be (1 + -2 - n) + -1. Let j = c - -57. What is the remainder when j is divided by 20?
17
Calculate the remainder when 29 + -3 + -4 + -6 is divided by 6.
4
Suppose 0 = -4*y + 2 + 38. Let t be ((-3160)/(-30))/((-4)/(-6)). Suppose -3*u = 3*z - 120, -3*u + 2*z - 43 = -t. What is the remainder when u is divided by y?
9
Suppose -69 = 21*i - 22*i. Let v = -65 + i. What is the remainder when 43 is divided by v?
3
Let r(l) = 13*l**2 - 64*l + 15. What is the remainder when r(8) is divided by 85?
80
Suppose m = -2*o - 3*o - 6, -m - 4*o = 2. Let k(u) = 2*u**2 + 3*u - 5. Let z be k(-5). Suppose z = 2*g - m. Calculate the remainder when 41 is divided by g.
19
Let g = 74 - 43. Let f(i) = i**3 - 10*i**2 - 3*i - 10. Let t be f(12). Suppose -6 = -